131441
List the prime factors of 20913293.
20913293
List the prime factors of 256014721.
19, 113, 119243
List the prime factors of 1729175.
5, 7, 41, 241
What are the prime factors of 295152928?
2, 7, 23, 59, 971
List the prime factors of 21812243.
487, 44789
What are the prime factors of 4838155252?
2, 7, 172791259
What are the prime factors of 27361913?
149, 183637
List the prime factors of 26613022.
2, 2861, 4651
What are the prime factors of 333654255?
3, 5, 11, 224683
List the prime factors of 24763936.
2, 73, 10601
List the prime factors of 56975204.
2, 11, 13, 99607
List the prime factors of 879238470.
2, 3, 5, 11, 17, 156727
List the prime factors of 1549123088.
2, 96820193
List the prime factors of 81179842.
2, 40589921
What are the prime factors of 100314170?
2, 5, 11, 911947
List the prime factors of 117413782.
2, 3253, 18047
What are the prime factors of 292031250?
2, 3, 5, 7, 89
List the prime factors of 218663082.
2, 3, 11, 47, 23497
What are the prime factors of 193015599?
3, 7, 151, 60869
What are the prime factors of 37527021?
3, 7, 53, 11239
What are the prime factors of 3427521410?
2, 5, 23, 14902267
What are the prime factors of 524307442?
2, 557, 470653
What are the prime factors of 147270963?
3, 7, 7012903
List the prime factors of 35497488.
2, 3, 13, 163, 349
List the prime factors of 2246453543.
19, 839, 7417
List the prime factors of 63779945.
5, 12755989
List the prime factors of 34080631.
13, 17, 154211
What are the prime factors of 21431683?
7, 13, 235513
List the prime factors of 92802296.
2, 2293, 5059
What are the prime factors of 1863805036?
2, 457, 773, 1319
What are the prime factors of 3231533598?
2, 3, 47, 3209, 3571
What are the prime factors of 34793267?
211, 269, 613
What are the prime factors of 220021978?
2, 11, 1453, 6883
List the prime factors of 26025105.
3, 5, 43, 157, 257
What are the prime factors of 851385973?
29, 227, 283, 457
What are the prime factors of 570929951?
18947, 30133
List the prime factors of 30541130.
2, 5, 3054113
List the prime factors of 2067718922.
2, 1033859461
What are the prime factors of 938140915?
5, 47, 3992089
What are the prime factors of 979047?
3, 17, 79
List the prime factors of 27866322.
2, 3, 11, 43, 1091
What are the prime factors of 170215104?
2, 3, 886537
List the prime factors of 16272578.
2, 7, 79, 14713
What are the prime factors of 46201710?
2, 3, 5, 23, 66959
What are the prime factors of 111765695?
5, 19, 31, 37951
What are the prime factors of 997953684?
2, 3, 7, 13, 29, 31513
List the prime factors of 191945125.
5, 19, 80819
What are the prime factors of 245102900?
2, 5, 7, 50021
List the prime factors of 13793825.
5, 551753
List the prime factors of 474607591.
29, 2063, 7933
List the prime factors of 7811211838.
2, 23, 83, 2045891
List the prime factors of 204620087.
7, 29231441
List the prime factors of 172899191.
172899191
List the prime factors of 74201734.
2, 37100867
What are the prime factors of 10598887?
13, 53, 15383
List the prime factors of 754243837.
754243837
List the prime factors of 257263044.
2, 3, 89, 240883
List the prime factors of 81783416.
2, 11, 13, 67, 97
What are the prime factors of 7689578418?
2, 3, 427198801
What are the prime factors of 43680608?
2, 1365019
List the prime factors of 60340048.
2, 19, 73, 2719
List the prime factors of 4839025056.
2, 3, 50406511
What are the prime factors of 549113803?
7, 78444829
List the prime factors of 1741132648.
2, 167, 1303243
What are the prime factors of 1752948493?
19, 4855813
List the prime factors of 2948079874.
2, 1474039937
What are the prime factors of 1364070865?
5, 1087, 250979
List the prime factors of 411973869.
3, 17, 8077919
List the prime factors of 14846717.
14846717
What are the prime factors of 27423333?
3, 7, 373, 389
What are the prime factors of 60676738?
2, 30338369
List the prime factors of 2362345548.
2, 3, 23, 8559223
List the prime factors of 19938498.
2, 3, 43, 109, 709
List the prime factors of 29908981.
29908981
What are the prime factors of 70404247?
79, 131, 6803
List the prime factors of 318253588.
2, 163, 488119
What are the prime factors of 326445374?
2, 163222687
What are the prime factors of 119692679?
119692679
What are the prime factors of 256752184?
2, 13, 89, 27739
List the prime factors of 93073305.
3, 5, 13, 19, 25121
List the prime factors of 3011776382.
2, 29, 563, 92233
What are the prime factors of 2619786778?
2, 7, 277, 675551
List the prime factors of 6418083.
3, 7, 131, 2333
What are the prime factors of 181648129?
13, 569, 1889
List the prime factors of 336648812.
2, 149, 211, 2677
List the prime factors of 292825891.
19, 15411889
What are the prime factors of 278268829?
278268829
What are the prime factors of 33980017?
659, 51563
What are the prime factors of 125253730?
2, 5, 7, 173, 10343
List the prime factors of 279909315.
3, 5, 7, 126943
List the prime factors of 530516754.
2, 3, 29473153
What are the prime factors of 136116146?
2, 41, 449, 3697
List the prime factors of 83181677.
19, 4377983
List the prime factors of 47096689.
853, 55213
What are the prime factors of 47656653?
3, 11, 109, 13249
What are the prime factors of 47235466?
2, 83, 284551
What are the prime factors of 702299472?
2, 3, 7, 2090177
What are the prime factors of 5926343892?
2, 3, 7, 367, 192239
What are the prime factors of 308081465?
5, 2897, 21269
List the prime factors of 281786080.
2, 5, 37, 47599
List the prime factors of 250338377.
107, 2339611
List the prime factors of 49668119.
49668119
List the prime factors of 2846637272.
2, 97, 1567, 2341
What are the prime factors of 2479533228?
2, 3, 487, 47143
List the prime factors of 7090177035.
3, 5, 472678469
What are the prime factors of 116942696?
2, 13, 1124449
List the prime factors of 1484049041.
1484049041
List the prime factors of 57677698.
2, 13, 23, 96451
What are the prime factors of 182823627?
3, 7, 17, 29, 17659
What are the prime factors of 2426341769?
29009, 83641
List the prime factors of 211514698.
2, 105757349
List the prime factors of 297301087.
297301087
What are the prime factors of 5161436130?
2, 3, 5, 17, 47, 215329
List the prime factors of 244884813.
3, 17, 523, 9181
What are the prime factors of 364553456?
2, 19, 1199189
What are the prime factors of 322212120?
2, 3, 5, 2685101
List the prime factors of 746315927.
7, 106616561
What are the prime factors of 33361002?
2, 3, 463, 4003
List the prime factors of 402823442.
2, 7, 41, 701783
List the prime factors of 259793494.
2, 1453, 89399
List the prime factors of 2625999556.
2, 1747, 375787
List the prime factors of 6876064627.
103, 66757909
List the prime factors of 61957465.
5, 12391493
What are the prime factors of 855913455?
3, 5, 1951, 9749
What are the prime factors of 28748211?
3, 367, 26111
List the prime factors of 204895003.
204895003
What are the prime factors of 333156651?
3, 111052217
List the prime factors of 296052499.
163, 199, 9127
List the prime factors of 159304587.
3, 13, 397, 10289
What are the prime factors of 21619441?
179, 120779
List the prime factors of 171449699.
171449699
List the prime factors of 39186402.
2, 3, 601, 10867
List the prime factors of 313341330.
2, 3, 5, 59, 211, 839
What are the prime factors of 23275295?
5, 17, 273827
List the prime factors of 3129686208.
2, 3, 11, 229, 719
List the prime factors of 143853095.
5, 359, 80141
List the prime factors of 1253094279.
3, 89, 52733
List the prime factors of 439493518.
2, 11743, 18713
What are the prime factors of 76881409?
11, 6989219
List the prime factors of 51884380.
2, 5, 2594219
List the prime factors of 729328779.
3, 563, 1777
List the prime factors of 276336911.
29, 9528859
What are the prime factors of 767201938?
2, 23, 1493, 11171
What are the prime factors of 218514164?
2, 11, 31, 160201
What are the prime factors of 25700343?
3, 8566781
List the prime factors of 120441709.
120441709
What are the prime factors of 24078004?
2, 29, 207569
List the prime factors of 112132479.
3, 5647, 6619
List the prime factors of 17172408.
2, 3, 11, 29, 2243
What are the prime factors of 288189988?
2, 72047497
List the prime factors of 640348921.
640348921
List the prime factors of 95607194.
2, 2909, 16433
What are the prime factors of 265667597?
13, 2043